71980?
True
Does 1267 divide 29960792?
False
Does 11 divide 500763176?
False
Does 73 divide 74148129?
False
Is 33546548 a multiple of 542?
True
Is 23077730 a multiple of 130?
True
Is 236515434 a multiple of 243?
False
Does 26 divide 1200326028?
False
Is 61055059 a multiple of 4812?
False
Is 77563895 a multiple of 329?
False
Is 60847339 a multiple of 371?
True
Is 282 a factor of 12590454?
True
Is 62 a factor of 89516778?
True
Does 42 divide 2626908?
False
Is 186258610 a multiple of 5?
True
Is 447283067 a multiple of 3949?
False
Does 22 divide 318933796?
False
Is 5 a factor of 1284357?
False
Is 257717304 a multiple of 104?
True
Is 12113716 a multiple of 19?
True
Is 50906756 a multiple of 45?
False
Does 711 divide 7341685622?
False
Is 122 a factor of 95300685?
False
Is 1856136 a multiple of 1344?
False
Does 141 divide 2397846?
True
Does 41 divide 77775401?
True
Does 416 divide 52510823?
False
Does 755 divide 25898765?
True
Does 3663 divide 2102942952?
True
Is 7 a factor of 1126410817?
True
Is 195 a factor of 513376829?
False
Does 22 divide 60417978?
False
Is 1239821631 a multiple of 9?
True
Does 52 divide 20529080?
True
Is 508 a factor of 210228688?
True
Is 62 a factor of 28917854?
True
Does 27 divide 3392361?
True
Does 1688 divide 84630749?
False
Is 686 a factor of 53913426?
True
Is 10 a factor of 547820749?
False
Is 423 a factor of 920725065?
True
Is 7401 a factor of 4067811630?
True
Is 5 a factor of 19814166?
False
Does 16 divide 4073376?
True
Is 695 a factor of 30236689?
False
Is 66 a factor of 956441376?
True
Is 100 a factor of 83762200?
True
Does 27 divide 663956869?
False
Is 52 a factor of 451761180?
True
Is 4442 a factor of 1197003508?
True
Is 37327200 a multiple of 120?
True
Is 9 a factor of 552874536?
True
Does 33 divide 1391038577?
False
Is 859289502 a multiple of 56?
False
Is 55 a factor of 6309566?
False
Does 26 divide 36462348?
True
Is 79606000 a multiple of 200?
True
Is 49489231 a multiple of 11?
True
Is 57 a factor of 42400794?
False
Is 514164599 a multiple of 1225?
False
Is 289 a factor of 92608880?
False
Is 27640929 a multiple of 697?
True
Is 214642405 a multiple of 343?
False
Is 3617677980 a multiple of 24?
False
Is 11052888 a multiple of 33?
True
Is 16744276 a multiple of 42?
False
Is 197463626 a multiple of 90?
False
Does 92 divide 87862974?
False
Is 37048819 a multiple of 906?
False
Does 63 divide 8202938?
False
Does 2956 divide 793920384?
False
Is 7 a factor of 31020688?
False
Is 104390946 a multiple of 145?
False
Is 236519942 a multiple of 25?
False
Is 67017447 a multiple of 9?
True
Is 10 a factor of 34003662?
False
Is 2311634 a multiple of 27?
False
Is 158664630 a multiple of 285?
True
Does 4 divide 16847529?
False
Does 4 divide 17729268?
True
Is 12 a factor of 4524211752?
True
Is 429 a factor of 23071620?
True
Is 954630620 a multiple of 236?
True
Does 42 divide 102698118?
False
Does 258 divide 26703000?
True
Is 1022077151 a multiple of 23?
True
Does 3 divide 3925196?
False
Does 41 divide 102454952?
False
Is 94419941 a multiple of 1884?
False
Does 16 divide 35629270?
False
Is 82 a factor of 36577494?
True
Is 262319887 a multiple of 411?
False
Does 217 divide 6544773?
False
Is 1018 a factor of 213068625?
False
Does 84 divide 817035409?
False
Is 90388184 a multiple of 3411?
False
Is 251 a factor of 41705196?
False
Is 21 a factor of 677328603?
True
Is 462508722 a multiple of 178?
False
Does 4297 divide 186131497?
False
Is 51438906 a multiple of 873?
True
Does 338 divide 1157304293?
False
Does 436 divide 597777800?
True
Is 560925652 a multiple of 4?
True
Is 150 a factor of 23613490?
False
Is 1186 a factor of 12928232?
False
Is 1830792635 a multiple of 72?
False
Does 14 divide 132381622?
False
Does 17 divide 47504785?
False
Does 284 divide 421145393?
False
Does 53 divide 802269205?
False
Is 2632 a factor of 219098208?
True
Is 820 a factor of 1446507?
False
Is 6 a factor of 8972084?
False
Does 722 divide 28810138?
False
Does 26 divide 2878762?
False
Does 67 divide 226280070?
False
Is 481 a factor of 116297623?
True
Does 41 divide 375309748?
False
Does 272 divide 50639624?
False
Is 1846076981 a multiple of 19?
False
Is 128 a factor of 8885569?
False
Does 11 divide 31767516?
True
Does 38 divide 1727638422?
True
Is 10549468 a multiple of 596?
False
Does 28 divide 471116050?
False
Is 3640 a factor of 1005946286?
False
Is 230566920 a multiple of 170?
True
Is 97 a factor of 1027974572?
True
Does 600 divide 83200248?
False
Is 38540246 a multiple of 38?
True
Does 25 divide 75110572?
False
Is 51807360 a multiple of 120?
True
Is 2519 a factor of 190453631?
False
Does 238 divide 23189292?
True
Is 65419995 a multiple of 17?
True
Is 955288243 a multiple of 5551?
True
Does 61 divide 41253766?
False
Does 217 divide 1968801290?
False
Is 145398305 a multiple of 17?
False
Is 250318761 a multiple of 831?
False
Is 558935 a multiple of 152?
False
Is 98 a factor of 330515109?
False
Does 585 divide 556643295?
True
Is 31098879 a multiple of 9?
True
Does 123 divide 480509780?
False
Is 51557260 a multiple of 437?
True
Is 100 a factor of 7839037488?
False
Is 1430799564 a multiple of 9157?
True
Does 64 divide 159275200?
True
Is 18310246 a multiple of 3?
False
Is 46 a factor of 64633358?
True
Is 630605871 a multiple of 2091?
True
Is 49 a factor of 34222972?
True
Is 243 a factor of 31177386?
True
Is 190102417 a multiple of 9?
False
Is 97 a factor of 7194539858?
True
Does 33 divide 22248468?
True
Does 10 divide 313910760?
True
Is 151 a factor of 43128771?
True
Does 45 divide 15642450?
True
Is 642 a factor of 27019926?
False
Does 2987 divide 2458383542?
False
Does 17 divide 30531260?
False
Is 4499244574 a multiple of 367?
True
Is 336 a factor of 530695226?
False
Is 640846744 a multiple of 8056?
True
Is 518264922 a multiple of 1101?
True
Does 10 divide 68422986?
False
Is 197093078 a multiple of 861?
False
Is 13916091 a multiple of 7?
True
Is 303 a factor of 1127409369?
True
Is 216659301 a multiple of 5?
False
Is 57648864 a multiple of 416?
True
Does 211 divide 1248886423?
True
Is 10 a factor of 2484913?
False
Does 868 divide 3214204?
True
Is 96 a factor of 56430624?
True
Is 1232986246 a multiple of 2573?
False
Does 37 divide 64996390?
False
Does 811 divide 97459492?
True
Does 187 divide 453277528?
True
Is 25 a factor of 1620171051?
False
Is 2274732 a multiple of 112?
False
Is 22 a factor of 591535274?
True
Is 218 a factor of 716146945?
False
Is 4 a factor of 36034972?
True
Is 334710272 a multiple of 1859?
False
Is 4 a factor of 1928908?
True
Is 120 a factor of 39931171?
False
Does 8 divide 450201806?
False
Does 39 divide 28863393?
True
Is 3096368568 a multiple of 856?
True
Is 7 a factor of 2323166615?
True
Is 84378051 a multiple of 9?
True
Is 10 a factor of 14755605?
False
Is 21 a factor of 24314005?
False
Is 458 a factor of 102565080?
False
Is 86 a factor of 1184684314?
True
Does 3272 divide 957369251?
False
Does 2595 divide 8758125?
True
Does 26 divide 1041667541?
False
Is 25 a factor of 3278307?
False
Is 82 a factor of 43870685?
False
Does 299 divide 208213135?
True
Is 1409 a factor of 2374470753?
True
Is 69265943 a multiple of 122?
False
Does 307 divide 1837551597?
False
Is 12 a factor of 1099290372?
True
Is 1783428192 a multiple of 39?
True
Is 57993450 a multiple of 4?
False
Is 4915022807 a multiple of 2114?
False
Is 35751106 a multiple of 43?
False
Is 42623594 a multiple of 49?
False
Is 677 a factor of 624789519?
False
Does 54 divide 2809436938?
False
Is 27954840 a multiple of 58?
True
Is 81418716 a multiple of 41?
False
Is 208 a factor of 163249929?
False
Does 828 divide 63381206?
False
Is 679322612 a multiple of 160?
False
Is 155 a factor of 3854804275?
True
Is 275 a factor of 31346062?
False
Does 3186 divide 78551875?
False
Does 3 divide 4667445?
True
Is 181 a factor of 80661601?
False
Does 19 divide 107801982?
False
Does 25 divide 99088125?
True
Is 248726625 a multiple of 1995?
True
Is 26186404 a multiple of 19?
False
Is 2958857594 a multiple of 12673?
False
Is 7 a factor of 229171?
False
Is 983 a factor of 151596294?
True
Is 68380928 a multiple of 1792?
True
Is 74360676 a multiple of 676?
True
Is 59805374 even?
True
Is 438 a factor of 73997472?
True
Is 16 a factor of 444190053?
False
Is 22 a factor of 132130196?
True
Does 8320 divide 1005014400